{"id":8,"date":"2024-05-27T15:02:12","date_gmt":"2024-05-27T13:02:12","guid":{"rendered":"https:\/\/scooterclubdubearn.fr\/?page_id=8"},"modified":"2024-10-30T21:44:35","modified_gmt":"2024-10-30T20:44:35","slug":"le-club","status":"publish","type":"page","link":"https:\/\/scooterclubdubearn.fr\/index.php\/le-club\/","title":{"rendered":"Le Scooter Club du B\u00e9arn"},"content":{"rendered":"\n<h2 class=\"wp-block-heading\"><\/h2>\n\n\n\n<figure class=\"wp-block-image size-large\"><img loading=\"lazy\" decoding=\"async\" width=\"1024\" height=\"683\" src=\"https:\/\/scooterclubdubearn.fr\/wp-content\/uploads\/2024\/05\/Vespa-parade-2022-69-1024x683.jpg\" alt=\"\" class=\"wp-image-9\" srcset=\"https:\/\/scooterclubdubearn.fr\/wp-content\/uploads\/2024\/05\/Vespa-parade-2022-69-1024x683.jpg 1024w, https:\/\/scooterclubdubearn.fr\/wp-content\/uploads\/2024\/05\/Vespa-parade-2022-69-300x200.jpg 300w, https:\/\/scooterclubdubearn.fr\/wp-content\/uploads\/2024\/05\/Vespa-parade-2022-69-768x512.jpg 768w, https:\/\/scooterclubdubearn.fr\/wp-content\/uploads\/2024\/05\/Vespa-parade-2022-69-1536x1024.jpg 1536w, https:\/\/scooterclubdubearn.fr\/wp-content\/uploads\/2024\/05\/Vespa-parade-2022-69-2048x1365.jpg 2048w\" sizes=\"auto, (max-width: 1024px) 100vw, 1024px\" \/><\/figure>\n\n\n\n<p>Vespa parade 2022 au Taylor<\/p>\n\n\n\n<p class=\"has-text-align-left\">Le Scooter Club du B\u00e9arn a \u00e9t\u00e9 cr\u00e9\u00e9 fin 2012 par Emmanuel COPIN, Pr\u00e9sident fondateur, avec l&rsquo;appui de son ami de longue date Fred RUIZ, tragiquement emport\u00e9 depuis par la maladie.<\/p>\n\n\n\n<p class=\"has-text-align-left\">Il n&rsquo;y avait plus eu de club Vespa dans le B\u00e9arn depuis la disparition au milieu des ann\u00e9es 60 du Vespa Club B\u00e9arnais. M\u00eame le revival Mods n&rsquo;avait eu quasiment aucun impact sur la cit\u00e9 du vert galant. Le challenge \u00e9tait donc de taille, n\u00e9anmoins petit \u00e0 petit le noyau initial s&rsquo;est renforc\u00e9, conduisant \u00e0 l&rsquo;organisation d&rsquo;une premi\u00e8re Vespa Parade \u00e0 Pau en septembre 2016, pr\u00e9mices \u00e0 l&rsquo;affiliation du club au Vespa Club de France.<\/p>\n\n\n\n<p class=\"has-text-align-left\">Le Scooter Club du B\u00e9arn compte aujourd&rsquo;hui une cinquantaine de membres, il est ouvert aux propri\u00e9taires de Vespa principalement anciennes mais \u00e9galement modernes, ainsi qu&rsquo;aux amateurs de Lambretta et autres scooters classiques.<\/p>\n\n\n\n<p class=\"has-text-align-left\">Le club se r\u00e9unit chaque mois pour un ap\u00e9ritif scooteriste et une balade mensuelle. Trois temps forts rythment d\u00e9sormais l&rsquo;ann\u00e9e, en juillet le Tour du B\u00e9arn en Vespa un rallye de r\u00e9gularit\u00e9 par \u00e9quipes de trois pilotes, la Vespa Parade le 3\u00e8me samedi de septembre, \u00e9v\u00e9nement national sous l&rsquo;\u00e9gide du Vespa Club de France, et enfin la Bourse de pi\u00e8ces consacr\u00e9e aux Vespa et mobylettes mi novembre \u00e0 Gabaston (64).<\/p>\n\n\n\n<p><\/p>\n","protected":false},"excerpt":{"rendered":"<p>Vespa parade 2022 au Taylor Le Scooter Club du B\u00e9arn a \u00e9t\u00e9 cr\u00e9\u00e9 fin 2012&#8230;<\/p>\n<div class=\"more-link-wrapper\"><a class=\"more-link\" href=\"https:\/\/scooterclubdubearn.fr\/index.php\/le-club\/\">Read the post<span class=\"screen-reader-text\">Le Scooter Club du B\u00e9arn<\/span><\/a><\/div>\n","protected":false},"author":1,"featured_media":0,"parent":0,"menu_order":0,"comment_status":"closed","ping_status":"closed","template":"","meta":{"footnotes":""},"class_list":["post-8","page","type-page","status-publish","hentry","excerpt","zoom","full-without-featured","even","excerpt-0"],"_links":{"self":[{"href":"https:\/\/scooterclubdubearn.fr\/index.php\/wp-json\/wp\/v2\/pages\/8","targetHints":{"allow":["GET"]}}],"collection":[{"href":"https:\/\/scooterclubdubearn.fr\/index.php\/wp-json\/wp\/v2\/pages"}],"about":[{"href":"https:\/\/scooterclubdubearn.fr\/index.php\/wp-json\/wp\/v2\/types\/page"}],"author":[{"embeddable":true,"href":"https:\/\/scooterclubdubearn.fr\/index.php\/wp-json\/wp\/v2\/users\/1"}],"replies":[{"embeddable":true,"href":"https:\/\/scooterclubdubearn.fr\/index.php\/wp-json\/wp\/v2\/comments?post=8"}],"version-history":[{"count":9,"href":"https:\/\/scooterclubdubearn.fr\/index.php\/wp-json\/wp\/v2\/pages\/8\/revisions"}],"predecessor-version":[{"id":553,"href":"https:\/\/scooterclubdubearn.fr\/index.php\/wp-json\/wp\/v2\/pages\/8\/revisions\/553"}],"wp:attachment":[{"href":"https:\/\/scooterclubdubearn.fr\/index.php\/wp-json\/wp\/v2\/media?parent=8"}],"curies":[{"name":"wp","href":"https:\/\/api.w.org\/{rel}","templated":true}]}}